ded by 46?
38
What is the remainder when 3666128 is divided by 2494?
2442
What is the remainder when 58888 is divided by 902?
258
Calculate the remainder when 220436 is divided by 744.
212
What is the remainder when 461923 is divided by 230758?
407
What is the remainder when 339520 is divided by 908?
836
Calculate the remainder when 4614833 is divided by 47090.
13
What is the remainder when 21327796 is divided by 21327792?
4
What is the remainder when 35039 is divided by 1888?
1055
Calculate the remainder when 950513039 is divided by 60.
59
What is the remainder when 223755365 is divided by 121?
108
Calculate the remainder when 6006428 is divided by 20.
8
What is the remainder when 60236 is divided by 543?
506
What is the remainder when 1984745 is divided by 10965?
80
Calculate the remainder when 38107 is divided by 4182.
469
What is the remainder when 14452 is divided by 153?
70
Calculate the remainder when 403079 is divided by 134359.
2
Calculate the remainder when 65998656 is divided by 10999772.
24
What is the remainder when 22451 is divided by 10911?
629
Calculate the remainder when 541273 is divided by 127.
126
Calculate the remainder when 121006 is divided by 12.
10
What is the remainder when 1356089 is divided by 5004?
5
What is the remainder when 105546 is divided by 1484?
182
Calculate the remainder when 19003294 is divided by 3769.
3765
What is the remainder when 3039243 is divided by 366?
345
What is the remainder when 595693 is divided by 49632?
109
Calculate the remainder when 7076 is divided by 2072.
860
Calculate the remainder when 74354 is divided by 554.
118
Calculate the remainder when 120121470 is divided by 7509.
7506
Calculate the remainder when 752624 is divided by 106.
24
Calculate the remainder when 256297 is divided by 128005.
287
Calculate the remainder when 102408 is divided by 1402.
62
What is the remainder when 99694138 is divided by 5642?
5640
What is the remainder when 38043 is divided by 10838?
5529
Calculate the remainder when 455279 is divided by 75832.
287
Calculate the remainder when 97140 is divided by 2793.
2178
What is the remainder when 908557 is divided by 582?
55
What is the remainder when 1579505 is divided by 7453?
6922
What is the remainder when 9254183 is divided by 1934?
1927
Calculate the remainder when 11555859 is divided by 5777927.
5
Calculate the remainder when 209823 is divided by 69904.
111
Calculate the remainder when 86128839 is divided by 2502.
2493
Calculate the remainder when 594922 is divided by 34992.
58
Calculate the remainder when 496352807 is divided by 357.
356
What is the remainder when 1957456 is divided by 326236?
40
What is the remainder when 62237 is divided by 1593?
110
What is the remainder when 3710986 is divided by 6134?
6050
What is the remainder when 196681 is divided by 3333?
34
What is the remainder when 469932 is divided by 9037?
8
Calculate the remainder when 8562614 is divided by 23785.
14
What is the remainder when 7477046 is divided by 70?
66
Calculate the remainder when 103110 is divided by 25705.
290
Calculate the remainder when 371747 is divided by 35.
12
Calculate the remainder when 21611 is divided by 5269.
535
Calculate the remainder when 52527801 is divided by 413.
396
Calculate the remainder when 42960749 is divided by 3015.
14
Calculate the remainder when 2382709 is divided by 183285.
4
What is the remainder when 4571235 is divided by 3327?
3264
What is the remainder when 55418665 is divided by 50062?
31
What is the remainder when 1264414 is divided by 421466?
16
What is the remainder when 21266657 is divided by 20?
17
Calculate the remainder when 364309 is divided by 32.
21
Calculate the remainder when 1128463 is divided by 22.
17
Calculate the remainder when 35977847 is divided by 15501.
26
Calculate the remainder when 1852695 is divided by 1877.
96
What is the remainder when 2535773 is divided by 221?
19
What is the remainder when 742400 is divided by 3621?
95
What is the remainder when 36519912 is divided by 20425?
12
What is the remainder when 169650 is divided by 169636?
14
What is the remainder when 44655165 is divided by 2770?
2765
What is the remainder when 393934 is divided by 3283?
3257
Calculate the remainder when 339296 is divided by 3540.
2996
What is the remainder when 775628 is divided by 1186?
1170
What is the remainder when 316815 is divided by 96?
15
Calculate the remainder when 12727 is divided by 6202.
323
Calculate the remainder when 1123087 is divided by 3895.
1327
Calculate the remainder when 4289232 is divided by 47654.
372
Calculate the remainder when 2810186 is divided by 63.
8
Calculate the remainder when 10286543 is divided by 43.
40
What is the remainder when 2400644 is divided by 40009?
104
What is the remainder when 231348 is divided by 5931?
39
Calculate the remainder when 331513 is divided by 165659.
195
Calculate the remainder when 388026 is divided by 129030.
936
What is the remainder when 421435348 is divided by 63?
61
Calculate the remainder when 913367 is divided by 1784.
1743
Calculate the remainder when 112023564 is divided by 1699.
1698
What is the remainder when 32020 is divided by 31817?
203
Calculate the remainder when 222383 is divided by 4375.
3633
Calculate the remainder when 88749 is divided by 32.
13
Calculate the remainder when 10812028 is divided by 7886.
322
What is the remainder when 12939309 is divided by 204?
201
Calculate the remainder when 7986 is divided by 3068.
1850
Calculate the remainder when 1615481 is divided by 32969.
0
Calculate the remainder when 1086099 is divided by 271521.
15
Calculate the remainder when 4062973 is divided by 3314.
9
Calculate the remainder when 414214 is divided by 202884.
8446
What is the remainder when 70334 is divided by 11616?
638
Calculate the remainder when 45174600 is divided by 25097.
0
Calculate the remainder when 434281 is divided by 54274.
89
What is the remainder when 1958126 is divided by 326324?
182
What is the remainder when 61810 is divided by 61650?
160
What is the remainder when 46197 is divided by 110?
107
Calculate the remainder when 6091780 is divided by 5949.
4
Calculate the remainder when 178914689 is divided by 689.
681
What is the remainder when 606964 is divided by 55178?
6
Calculate the remainder when 10342920 is divided by 1775.
1770
What is the remainder when 690735 is divided by 991?
8
Calculate the remainder when 63806 is divided by 4225.
431
Calculate the remainder when 8389787 is divided by 423.
5
Calculate the remainder when 12996 is divided by 6412.
172
Calculate the remainder when 33980902 is divided by 1647.
1645
What is the remainder when 16575183 is divided by 1432?
1215
What is the remainder when 8011319 is divided by 2607?
8
Calculate the remainder when 1335028 is divided by 89001.
13
What is the remainder when 42739 is divided by 24?
19
What is the remainder when 440966 is divided by 12969?
20
What is the remainder when 915987 is divided by 986?
979
What is the remainder when 987155 is divided by 51937?
352
What is the remainder when 3833756 is divided by 983?
56
Calculate the remainder when 348759 is divided by 96.
87
What is the remainder when 25245611 is divided by 771?
758
Calculate the remainder when 3398 is divided by 1354.
690
What is the remainder when 955024051 is divided by 244?
243
Calculate the remainder when 3224787 is divided by 29052.
15
Calculate the remainder when 28494949 is divided by 619455.
19
What is the remainder when 3733686 is divided by 914?
910
Calculate the remainder when 2827 is divided by 401.
20
What is the remainder when 79924 is divided by 2283?
19
What is the remainder when 410302 is divided by 21527?
1289
What is the remainder when 90772958 is divided by 992?
990
What is the remainder when 30493007 is divided by 104?
103
Calculate the remainder when 107340227 is divided by 118.
111
Calculate the remainder when 101721053 is divided by 24376.
5
Calculate the remainder when 38734 is divided by 4275.
259
What is the remainder when 89683 is divided by 3?
1
Calculate the remainder when 476136 is divided by 158515.
591
Calculate the remainder when 9915435 is divided by 2478848.
43
Calculate the remainder when 917452 is divided by 917451.
1
Calculate the remainder when 243483 is divided by 13